89 and 63?
63
What is the highest common divisor of 1551 and 6303?
33
Calculate the highest common factor of 6323160 and 1725.
345
What is the greatest common divisor of 21385 and 101465?
455
What is the highest common factor of 40174 and 3074?
106
What is the greatest common divisor of 22776467 and 70?
7
What is the greatest common divisor of 235160480 and 96?
32
Calculate the highest common divisor of 1955 and 58413836.
391
What is the greatest common factor of 504093542 and 62?
62
Calculate the greatest common divisor of 8337945 and 245.
35
Calculate the highest common factor of 4669 and 232716967.
4669
What is the highest common factor of 10874008 and 251736?
4936
Calculate the highest common divisor of 6696 and 1780578.
558
What is the highest common factor of 1510 and 36565?
5
Calculate the greatest common divisor of 5963241 and 1276.
29
What is the greatest common factor of 17138969 and 357599?
1121
What is the greatest common factor of 24936300 and 927?
927
What is the greatest common factor of 66887 and 339499?
211
What is the highest common factor of 10863 and 81512331?
3621
What is the highest common divisor of 114 and 29583874?
38
What is the greatest common factor of 7 and 420322?
7
Calculate the greatest common divisor of 14 and 291989936.
14
What is the highest common divisor of 20000 and 1150?
50
Calculate the greatest common divisor of 2829 and 306024.
123
Calculate the greatest common factor of 26588435 and 355.
355
Calculate the highest common divisor of 35789384 and 1576.
1576
Calculate the greatest common divisor of 146761149 and 57.
57
What is the highest common divisor of 177144 and 120?
24
What is the greatest common divisor of 1194589762 and 34?
34
Calculate the highest common divisor of 99879 and 252357.
591
Calculate the greatest common divisor of 1814526 and 378.
126
Calculate the greatest common factor of 550 and 29861425.
275
What is the greatest common divisor of 358 and 16830117?
179
Calculate the highest common factor of 25 and 14851175.
25
Calculate the greatest common factor of 18898751 and 10220.
73
What is the greatest common factor of 312417 and 4843?
29
Calculate the highest common divisor of 34377 and 238035.
21
Calculate the greatest common divisor of 4612 and 825393498.
2306
Calculate the greatest common divisor of 2279 and 2620893.
43
What is the greatest common factor of 469965 and 143697?
57
What is the highest common factor of 3226308 and 41829?
219
What is the highest common divisor of 6645 and 2535?
15
Calculate the highest common divisor of 214211144 and 54096.
9016
Calculate the greatest common divisor of 400 and 9871760.
80
Calculate the greatest common divisor of 120181125 and 375.
375
Calculate the greatest common factor of 817902785 and 665.
665
What is the highest common divisor of 87868646 and 2452?
1226
Calculate the greatest common factor of 116 and 130799744.
116
What is the highest common factor of 90 and 58815430?
10
Calculate the highest common divisor of 1556 and 1172696516.
1556
Calculate the greatest common divisor of 906189444 and 27.
27
Calculate the highest common divisor of 548397671 and 23.
23
What is the highest common divisor of 35837963 and 511?
511
What is the highest common factor of 7081 and 37005671?
73
Calculate the greatest common divisor of 13 and 297026743.
13
What is the greatest common factor of 506654 and 60300?
134
What is the greatest common divisor of 1500 and 2509240?
20
What is the greatest common divisor of 122962 and 4102?
14
What is the greatest common factor of 4600068 and 110?
22
Calculate the greatest common factor of 148 and 174607810.
74
What is the highest common factor of 9460891 and 3927?
187
What is the highest common divisor of 463089 and 561?
33
What is the greatest common divisor of 78 and 119786381?
13
What is the highest common divisor of 3213 and 516936?
357
What is the highest common factor of 608734 and 196?
14
Calculate the greatest common factor of 10192 and 2021152.
784
Calculate the highest common divisor of 5038721 and 348.
29
Calculate the highest common factor of 17292 and 9230784.
1572
What is the greatest common factor of 3722370 and 37338?
762
What is the highest common divisor of 18120521 and 799?
799
Calculate the greatest common factor of 879 and 138578159.
293
Calculate the greatest common divisor of 668 and 9456041.
167
Calculate the greatest common factor of 1159972308 and 363.
363
What is the highest common factor of 2526 and 1943757?
1263
What is the highest common divisor of 248450745 and 7030?
3515
Calculate the highest common factor of 32973322 and 418.
38
What is the greatest common divisor of 2628996 and 84?
12
Calculate the highest common factor of 5264518 and 180958.
1046
Calculate the highest common factor of 729313 and 13.
13
What is the greatest common divisor of 4539863 and 74?
37
Calculate the highest common factor of 4388 and 40472.
4
Calculate the greatest common divisor of 7421793 and 148.
37
What is the highest common divisor of 55 and 17857686?
11
What is the highest common factor of 5389 and 2902971?
17
What is the highest common factor of 1105 and 392989?
17
Calculate the highest common factor of 275 and 561220.
55
Calculate the highest common factor of 47253292 and 1184.
148
What is the greatest common divisor of 2048071 and 65133?
7237
Calculate the highest common factor of 110009 and 7141019.
4783
What is the highest common factor of 108 and 516783312?
36
Calculate the greatest common divisor of 2187 and 14367.
3
What is the greatest common divisor of 148689269 and 1159?
1159
What is the highest common factor of 479466 and 451152?
234
Calculate the greatest common divisor of 126 and 4095434.
14
What is the highest common factor of 12694 and 44737?
11
What is the highest common divisor of 180 and 54505200?
60
Calculate the greatest common factor of 292194714 and 1932.
966
What is the greatest common divisor of 66798 and 507492?
54
What is the greatest common divisor of 41048 and 84594797?
5131
Calculate the highest common divisor of 60990549 and 23.
23
What is the highest common factor of 176 and 2945668?
44
What is the greatest common divisor of 2577459 and 46159?
1489
Calculate the highest common divisor of 834963 and 12.
3
What is the highest common factor of 657 and 4340361?
219
Calculate the greatest common factor of 24093 and 53343.
9
Calculate the highest common factor of 791791 and 5369.
91
What is the highest common divisor of 20757 and 8289591?
1887
Calculate the greatest common factor of 19125856 and 4731.
1577
Calculate the highest common divisor of 256 and 629816192.
128
Calculate the highest common factor of 60557 and 88970.
287
What is the greatest common factor of 928778 and 59789?
17
What is the greatest common factor of 422190 and 5976?
18
What is the greatest common divisor of 434675 and 725?
25
Calculate the greatest common factor of 36145142 and 526.
526
Calculate the highest common divisor of 2584 and 318712.
8
Calculate the highest common factor of 2178 and 108308673.
1089
Calculate the highest common divisor of 109562 and 34394912.
3778
Calculate the greatest common factor of 110 and 1244100.
110
Calculate the highest common factor of 16313475 and 1050.
75
What is the greatest common factor of 1133 and 100727?
11
What is the greatest common divisor of 4642917 and 4404?
1101
Calculate the highest common factor of 72 and 17099406.
18
Calculate the greatest common divisor of 198970958 and 2.
2
What is the greatest common divisor of 902 and 19612678?
82
What is the highest common divisor of 25 and 3948494050?
25
Calculate the highest common divisor of 20 and 9495115.
5
What is the greatest common factor of 18124540 and 10?
10
Calculate the highest common divisor of 6137 and 633131.
17
What is the highest common factor of 64867 and 127369303?
5897
Calculate the highest common factor of 160729351 and 1214.
607
Calculate the greatest common factor of 36153 and 90990.
27
Calculate the highest common divisor of 1405190 and 10490.
10
What is the greatest common divisor of 56025 and 1048539?
249
What is the highest common divisor of 2956 and 181602599?
739
Calculate the greatest common factor of 3589635 and 7350.
105
Calculate the greatest common divisor of 66695264 and 56.
8
Calc